prime factors of v.
2
Suppose 0*b = 4*b - 2*v - 3324, -2*b + 1654 = -3*v. What are the prime factors of b?
7, 17
Let p be (1 - 1) + -2 + -21. Let s = 30 + p. List the prime factors of s.
7
Let q(d) = 10 + 5*d + 2*d**2 + d + 2*d - 15*d. What are the prime factors of q(7)?
59
List the prime factors of (112 - (3 + -1)) + (-4 - -6).
2, 7
Let k(w) = -88*w. Let o be k(1). Let m = -24 - o. What are the prime factors of m?
2
Let y(h) = 26*h**2 + 54*h + 331. List the prime factors of y(-16).
3, 13, 157
Let g(t) = 42*t - 66. List the prime factors of g(7).
2, 3, 19
What are the prime factors of 1722 + -17 + (-3 + 5)*-2?
3, 7
Suppose -t + 84 + 96 = 5*w, 5*t + w = 828. List the prime factors of t.
3, 5, 11
Let k be ((-3)/(-6))/((-3)/24). Let m(t) = -t**3 - 3*t**2 + 2*t - 5. Let s be m(k). Suppose 5*j + 15 = 5*r - 5, -17 = -4*r + s*j. List the prime factors of r.
5
Suppose 0 = 3*d + 2*d + q + 19, 2*d - 14 = 5*q. Let p = 55 + -53. What are the prime factors of p/(-6) + (-34)/d?
11
Let l be -2*5/(-10) - -39. Let b(p) = -p - 15. Let g be b(0). What are the prime factors of (39/g - -3)*l?
2
Let s be (-6)/(-36) - (-22)/12. Let t(w) = 5*w**2 - 4 + w**3 - 4*w**s + 4*w**2 + w**2. What are the prime factors of t(-4)?
2, 7
Let h be (-215)/45 - (12/(-27))/(-2). What are the prime factors of (-20)/50 + (-437)/h?
3, 29
Let b = 104 + 27. List the prime factors of b.
131
Let u(j) = 531*j - 26. What are the prime factors of u(1)?
5, 101
Let x be 38/3 + 44/33. List the prime factors of 1/(x/(-8) + 2).
2
Let m = -215 - -399. Suppose 3*c = -c + m. List the prime factors of c.
2, 23
Suppose 2*r + 3 = -69. What are the prime factors of (r/5)/(11/(-55))?
2, 3
Suppose -7*b = -31 + 94. Let s(u) = -8*u + 19. What are the prime factors of s(b)?
7, 13
Let h = -2156 - -3797. What are the prime factors of h?
3, 547
Suppose 4*w - 710 = -3*k, 2*w - k + 148 = 508. What are the prime factors of w?
179
Let k(g) = -2*g**3 + 6*g**2 + 13*g - 8. Let w be k(-6). Suppose -7*x - 114 + w = 0. Let l = 135 - x. What are the prime factors of l?
71
Let x = 268 + -36. What are the prime factors of x?
2, 29
Suppose 3*s = 81 - 39. Let m be 8/s - (-36)/(-63). Suppose m = -2*r + 3*r - 38. List the prime factors of r.
2, 19
What are the prime factors of 4/(20/(-15)) - -453?
2, 3, 5
Let j = -6 + 8. Let x(l) = 10*l**2 - l + 3. What are the prime factors of x(j)?
41
Suppose 2*r - 5*b - 20 = 4*r, 3*r - 4 = b. Let s(i) = 2*i + 68. What are the prime factors of s(r)?
2, 17
Suppose 0 = 10*g + g - 4532. What are the prime factors of g?
2, 103
Let f be (-7)/((-21)/(-3609)) + 4. Let u be f/44*4*-1. Suppose 0 = -3*r + 2*i + 61, 5*r - u = i + 2. What are the prime factors of r?
23
Suppose -k + 65 = -0*k. Let x = k + 28. List the prime factors of x.
3, 31
Let m = 11 + -11. Suppose -4*j + m*j + 28 = -2*f, -3*j = 3*f - 3. Let k = 3 - f. What are the prime factors of k?
7
Let f(v) = v**3 + 17*v**2 + 17*v + 16. Let g be f(-16). Suppose l - 5*a - 46 - 57 = g, -3*a = l - 79. What are the prime factors of l?
2, 11
Let y be (-17)/(-68)*(-18)/15*-30. Suppose -2*d = 5*q - 157, 4*q - 167 = d - 31. Let b = q - y. What are the prime factors of b?
2, 3
What are the prime factors of 111*(21/14 + 475/30)?
2, 13, 37
Suppose 5*o = -2*u + 39, 2*u - 9 = -2*o + 15. Let n be 5 + (-5)/(3*3/9). Suppose 3*j + 2*m - 36 = u*m, 5*m = n. List the prime factors of j.
2, 3
Let r(h) = h**2 - 5*h - 22. Suppose 4*o = 5*q - 4 + 63, -2*q + 2 = 0. List the prime factors of r(o).
2, 7, 11
What are the prime factors of (-5852 - -40)/(-3 + (0 - -1))?
2, 1453
Suppose 5*g = -o + 632, -5*g - 4*o = -3*g - 242. Let f = g + -48. List the prime factors of f.
79
Let n(m) = 247*m**2 + 7*m + 10. List the prime factors of n(-2).
2, 3, 41
Let s(g) = g**2 - 78*g + 18. List the prime factors of s(-18).
2, 3, 97
Let m = 578 - 382. What are the prime factors of m?
2, 7
Let o(h) = -18*h**3 + 5*h**2 + 14*h + 65. What are the prime factors of o(-4)?
17, 73
Let r(z) = 4*z + 4. Let x(w) = 3*w + 4. Let g(n) = 4*r(n) - 3*x(n). Suppose 3*q + 0*d = 2*d + 13, -d = 2. List the prime factors of g(q).
5
Suppose 0 = -g - 3*f + 552, 3*f + 1115 = 2*g - 2*f. What are the prime factors of g?
3, 5, 37
Let z(n) = n**3 + 5*n**2 + n + 6. Let f be z(-5). Let g be -7 + f + (5 - 4). Let w(v) = v**3 + 7*v**2 - v. What are the prime factors of w(g)?
5, 11
Let h = -71 - -58. Let j(w) = -w**3 - 12*w**2 - w - 21. What are the prime factors of j(h)?
7, 23
Suppose -3*m + i = -161, 2*m + m - 157 = 2*i. Let p = m + -47. List the prime factors of p.
2
Let s be 2/11 + (-39)/33. List the prime factors of (1 - s) + 0 + 89.
7, 13
Suppose 2*g - 6*g = -5*v - 673, -513 = -3*g + v. Let t = g - 16. List the prime factors of t.
2, 3, 13
What are the prime factors of 1/((-57)/(-15) + -4)*-52?
2, 5, 13
Suppose -104 = 5*v + m - 344, 0 = -2*v - 2*m + 104. Let c = -34 + v. What are the prime factors of c?
13
List the prime factors of (2/(-6))/(20/(-68520)).
2, 571
Suppose 2*h - 2*j - 6 = 0, -4*h + 3*j - j = -14. Suppose -h = -t + 3. List the prime factors of t.
7
Let r(f) be the third derivative of -f**4/12 + 3*f**3/2 - 10*f**2. Let z be r(6). What are the prime factors of z*((-44)/6 - 2)?
2, 7
Suppose 0*c - 3*c = -18. Let w(d) = d**3 - 6*d**2 + 12*d. List the prime factors of w(c).
2, 3
Let c(b) be the third derivative of -1/2*b**4 + 0*b - 3*b**2 - 1/60*b**5 + 5/6*b**3 + 0. What are the prime factors of c(-11)?
2
Let p(z) = 63*z + 26. Let b(d) = -4*d + 23. Let f be b(5). List the prime factors of p(f).
5, 43
Let h be 7 + (-2)/(-4) + (-3)/2. Let u(o) = o**3 - 5*o**2 + 12*o + 14. List the prime factors of u(h).
2, 61
Suppose -j + 6*j - 10 = 0. Suppose 4*p = j*p. Suppose -v + p = 3, -34 = -2*g - 4*v. What are the prime factors of g?
23
Suppose -8 = 2*f - y - 3*y, 3*y - 1 = 4*f. Suppose -3*a - 6 = 0, 4*z - 140 = -0*a - f*a. List the prime factors of z.
2, 3
Suppose p + 6 = -2*p. Let o be (p/(-3))/((-1)/(-3)). Suppose o*c - 16 - 28 = 0. What are the prime factors of c?
2, 11
Let x(q) = -q**3 + 6*q**2 + 7*q + 5. Let d be x(7). Suppose -y - p - 3 = 0, -24 = 2*y - d*p + 10. List the prime factors of 2/y + 325/35.
3
Let m(s) = -1048*s + 151. What are the prime factors of m(-4)?
43, 101
Suppose 3*n - 496 - 662 = 0. What are the prime factors of n?
2, 193
Suppose g + 568 = j - 90, -5*g = 2*j - 1351. Let c be (-4)/6 - j/(-9). Suppose -c = -4*o + 23. What are the prime factors of o?
2, 3
Let j be (2/3)/(4/30). Suppose 3*r + 1 = -2*b + 12, 4*r = 3*b + 9. Suppose -2*l - 24 = r*c - j*c, -3*l = 2*c - 44. What are the prime factors of c?
2
Let c(w) = -w**3 + w**2 + w. Let i(d) = -3*d**3 - 9*d**2 + 9*d - 14. Let r(o) = -4*c(o) + i(o). Let l be r(10). List the prime factors of l/(-15) - (-6)/15.
2, 3
Let t(k) = -k**2 - 32*k + 1. List the prime factors of t(-14).
11, 23
Let p(c) = -5*c - 2. Let u be (3/(-6))/(2/20). Let i be p(u). Let m = i - -6. What are the prime factors of m?
29
Let k be (3 - (-2 + 5))/2. Suppose k = h - 4*v - 29 - 78, 0 = 4*h - 5*v - 395. What are the prime factors of h?
5, 19
Let v(u) = -u**2 - 5*u + 1. Let d be v(-5). Let p be (-220)/(-45) - d/(-9). Suppose 172 = 4*w - p*g, g - 215 = -5*w - g. List the prime factors of w.
43
List the prime factors of ((-208)/12 + (7 - 5))*-3.
2, 23
Let h(l) = -113*l**3 + 4*l**2 + 11*l + 17. List the prime factors of h(-2).
3, 5, 61
Suppose 0 = 4*d - 4, -4*g + 18 = 4*d - 2. Suppose 5*i = 0, -g*i - 167 = -m - i. What are the prime factors of m?
167
Suppose -4*n = -t - 1083, -7*n + 816 = -4*n + 3*t. List the prime factors of n.
271
Suppose 3*s = 5*y - 18, y = 5*s + 1 + 7. Suppose -y*n + 3 = -18. What are the prime factors of 1/((n/2)/7)?
2
Suppose 0*x + 2*x = 18. Let j(v) = 3*v**2 + 13*v - 4. Let w(q) = 7*q**2 + 27*q - 8. Let s(n) = x*j(n) - 4*w(n). List the prime factors of s(4).
2
Suppose -3*r = -691 - 803. What are the prime factors of r?
2, 3, 83
Suppose -5*k = -4*k + 4*p - 6, 0 = 3*p - 6. Let i(l) = -23*l - 3. What are the prime factors of i(k)?
43
Let j = -118 + 121. Suppose j*n - 219 = 102. What are the prime factors of n?
107
Let g be (2 - (-3 + 5))/(-1). Suppose g = -7*o + 9*o - 80. List the prime factors of o.
2, 5
Let q(n) = n + 3. Let z(t) = -t - 1. Let x(d) = -q(d) - 4*z(d). List the prime factors of x(15).
2, 23
Suppose 0 = 3*b - 4*a - 2789, 9*b - 14*b + 4656 = a. What ar